{"id":2081,"date":"2020-10-25T19:38:36","date_gmt":"2020-10-25T19:38:36","guid":{"rendered":"https:\/\/aguamole.pt\/?page_id=2081"},"modified":"2020-11-17T13:35:09","modified_gmt":"2020-11-17T13:35:09","slug":"devolucoes","status":"publish","type":"page","link":"https:\/\/aguamole.pt\/index.php\/devolucoes\/","title":{"rendered":"Devolu\u00e7\u00f5es"},"content":{"rendered":"\n<p><strong>TROCAS E DEVOLU\u00c7\u00d5ES<\/strong><br>Qualquer produto adquirido em <a href=\"http:\/\/www.aguamole.pt\">www.aguamole.pt<\/a> pode ser trocado ou reembolsado, devendo o Cliente contactar-nos atrav\u00e9s do email\u00a0<a href=\"mailto:encomendas@aguamole.pt\">encomendas@aguamole.pt<\/a>.\u00a0A\u00a0troca ou devolu\u00e7\u00e3o dever\u00e1 ser feita no prazo m\u00e1ximo de 14 dias. O n\u00e3o pagamento da encomenda no prazo 48 horas subsequentes \u00e0 data em que a mesma foi efetuada implica o cancelamento autom\u00e1tico da mesma. <\/p>\n\n\n\n<p><strong>Aten\u00e7\u00e3o<\/strong> <br><strong>N\u00e3o aceitamos devolu\u00e7\u00f5es ou trocas de produtos abertos: <\/strong>Dada a natureza dos produtos, por uma quest\u00e3o de higiene e seguran\u00e7a, a \u00c1gua Mole n\u00e3o aceita trocas\/devolu\u00e7\u00f5es de artigos que tenham sido abertos. Os produtos devolvidos t\u00eam de estar exatamente no mesmo estado em que foram entregues, ao Cliente, sem qualquer sinal de uso, na respetiva embalagem.  <\/p>\n\n\n\n<p>Se o valor final resultante da troca de produtos de uma encomenda for superior ao valor inicial da mesma, o Cliente ter\u00e1 de custear a diferen\u00e7a, utilizando para tal uma das formas de pagamento dispon\u00edveis. Se for inferior ao valor inicial da mesma, ou em caso de devolu\u00e7\u00e3o, o Cliente poder\u00e1 solicitar a restitui\u00e7\u00e3o desse montante por transfer\u00eancia banc\u00e1ria para conta a indicar.<br>Artigos enviados gratuitamente, sob a forma de brindes ou b\u00f3nus, n\u00e3o ser\u00e3o reembolsados.<br>Os custos de expedi\u00e7\u00e3o e banc\u00e1rios associados \u00e0 devolu\u00e7\u00e3o de produtos s\u00e3o suportados, na totalidade e em exclusivo, pelo Cliente. <br>A \u00c1gua Mole reembolsa o Cliente no prazo m\u00e1ximo de 14 dias a contar da rece\u00e7\u00e3o do artigo a devolver.<br>No caso da devolu\u00e7\u00e3o estar na origem de um erro log\u00edstico da \u00c1gua Mole, ap\u00f3s contacto com o Cliente, a \u00c1gua Mole proceder\u00e1 \u00e0 recolha do artigo, assumindo os encargos da devolu\u00e7\u00e3o, bem como os portes de envio do produto correto.<br>A \u00c1gua Mole n\u00e3o aceita devolu\u00e7\u00f5es enviadas com portes pagos ou contra-reembolso.<br>As devolu\u00e7\u00f5es s\u00f3 ser\u00e3o aceites quando dentro do prazo estipulado e as trocas est\u00e3o sujeitas \u00e0 disponibilidade de stock. Um pedido de troca n\u00e3o satisfeito gera automaticamente uma devolu\u00e7\u00e3o e um consequente cr\u00e9dito. Em caso de indisponibilidade do produto e\/ou ruptura de <em>stock<\/em>, o Cliente ser\u00e1 informado do cancelamento parcial ou total da sua encomenda com direito ao reembolso da respectiva quantia paga.<\/p>\n\n\n\n<p><strong>ARTIGOS COM PROBLEMAS\u00a0<\/strong><br>Em caso de not\u00f3rio problema do produto recebido,\u00a0o artigo dever\u00e1 ser enviado para a \u00c1gua Mole para an\u00e1lise do mesmo. O artigo\u00a0pode ser trocado ou reembolsado, desde que o Cliente o devolva no prazo m\u00e1ximo de 14 dias a partir da data de envio da encomenda, devendo para tal contactar-nos atrav\u00e9s do email\u00a0<a href=\"mailto:encomendas@aguamole.pt\">encomendas@aguamole.pt<\/a>.<\/p>\n","protected":false},"excerpt":{"rendered":"<p>TROCAS E DEVOLU\u00c7\u00d5ESQualquer produto adquirido em www.aguamole.pt pode ser trocado ou reembolsado, devendo o Cliente contactar-nos atrav\u00e9s do email\u00a0encomendas@aguamole.pt.\u00a0A\u00a0troca ou devolu\u00e7\u00e3o dever\u00e1 ser feita no prazo m\u00e1ximo de 14 dias.&hellip;<\/p>\n","protected":false},"author":1,"featured_media":0,"parent":0,"menu_order":0,"comment_status":"closed","ping_status":"closed","template":"","meta":{"footnotes":""},"class_list":["post-2081","page","type-page","status-publish","hentry"],"yoast_head":"<!-- This site is optimized with the Yoast SEO plugin v27.0 - https:\/\/yoast.com\/product\/yoast-seo-wordpress\/ -->\n<title>Devolu\u00e7\u00f5es - \u00e1gua mole<\/title>\n<meta name=\"robots\" content=\"index, follow, max-snippet:-1, max-image-preview:large, max-video-preview:-1\" \/>\n<link rel=\"canonical\" href=\"https:\/\/aguamole.pt\/index.php\/devolucoes\/\" \/>\n<meta property=\"og:locale\" content=\"pt_PT\" \/>\n<meta property=\"og:type\" content=\"article\" \/>\n<meta property=\"og:title\" content=\"Devolu\u00e7\u00f5es - \u00e1gua mole\" \/>\n<meta property=\"og:description\" content=\"TROCAS E DEVOLU\u00c7\u00d5ESQualquer produto adquirido em www.aguamole.pt pode ser trocado ou reembolsado, devendo o Cliente contactar-nos atrav\u00e9s do email\u00a0encomendas@aguamole.pt.\u00a0A\u00a0troca ou devolu\u00e7\u00e3o dever\u00e1 ser feita no prazo m\u00e1ximo de 14 dias.&hellip;\" \/>\n<meta property=\"og:url\" content=\"https:\/\/aguamole.pt\/index.php\/devolucoes\/\" \/>\n<meta property=\"og:site_name\" content=\"\u00e1gua mole\" \/>\n<meta property=\"article:publisher\" content=\"https:\/\/www.facebook.com\/agua.mole.essencia\" \/>\n<meta property=\"article:modified_time\" content=\"2020-11-17T13:35:09+00:00\" \/>\n<meta name=\"twitter:card\" content=\"summary_large_image\" \/>\n<meta name=\"twitter:label1\" content=\"Tempo estimado de leitura\" \/>\n\t<meta name=\"twitter:data1\" content=\"2 minutos\" \/>\n<script type=\"application\/ld+json\" class=\"yoast-schema-graph\">{\"@context\":\"https:\/\/schema.org\",\"@graph\":[{\"@type\":\"WebPage\",\"@id\":\"https:\/\/aguamole.pt\/index.php\/devolucoes\/\",\"url\":\"https:\/\/aguamole.pt\/index.php\/devolucoes\/\",\"name\":\"Devolu\u00e7\u00f5es - \u00e1gua mole\",\"isPartOf\":{\"@id\":\"https:\/\/aguamole.pt\/#website\"},\"datePublished\":\"2020-10-25T19:38:36+00:00\",\"dateModified\":\"2020-11-17T13:35:09+00:00\",\"breadcrumb\":{\"@id\":\"https:\/\/aguamole.pt\/index.php\/devolucoes\/#breadcrumb\"},\"inLanguage\":\"pt-PT\",\"potentialAction\":[{\"@type\":\"ReadAction\",\"target\":[\"https:\/\/aguamole.pt\/index.php\/devolucoes\/\"]}]},{\"@type\":\"BreadcrumbList\",\"@id\":\"https:\/\/aguamole.pt\/index.php\/devolucoes\/#breadcrumb\",\"itemListElement\":[{\"@type\":\"ListItem\",\"position\":1,\"name\":\"Home\",\"item\":\"https:\/\/aguamole.pt\/\"},{\"@type\":\"ListItem\",\"position\":2,\"name\":\"Devolu\u00e7\u00f5es\"}]},{\"@type\":\"WebSite\",\"@id\":\"https:\/\/aguamole.pt\/#website\",\"url\":\"https:\/\/aguamole.pt\/\",\"name\":\"\u00e1gua mole\",\"description\":\"Produtos de bem-estar naturais para o corpo e para a casa\",\"publisher\":{\"@id\":\"https:\/\/aguamole.pt\/#organization\"},\"potentialAction\":[{\"@type\":\"SearchAction\",\"target\":{\"@type\":\"EntryPoint\",\"urlTemplate\":\"https:\/\/aguamole.pt\/?s={search_term_string}\"},\"query-input\":{\"@type\":\"PropertyValueSpecification\",\"valueRequired\":true,\"valueName\":\"search_term_string\"}}],\"inLanguage\":\"pt-PT\"},{\"@type\":\"Organization\",\"@id\":\"https:\/\/aguamole.pt\/#organization\",\"name\":\"\u00e1gua mole\",\"url\":\"https:\/\/aguamole.pt\/\",\"logo\":{\"@type\":\"ImageObject\",\"inLanguage\":\"pt-PT\",\"@id\":\"https:\/\/aguamole.pt\/#\/schema\/logo\/image\/\",\"url\":\"https:\/\/aguamole.pt\/wp-content\/uploads\/2020\/09\/logo_straight-01.png\",\"contentUrl\":\"https:\/\/aguamole.pt\/wp-content\/uploads\/2020\/09\/logo_straight-01.png\",\"width\":129,\"height\":25,\"caption\":\"\u00e1gua mole\"},\"image\":{\"@id\":\"https:\/\/aguamole.pt\/#\/schema\/logo\/image\/\"},\"sameAs\":[\"https:\/\/www.facebook.com\/agua.mole.essencia\",\"https:\/\/www.instagram.com\/agua.mole\/\"]}]}<\/script>\n<!-- \/ Yoast SEO plugin. -->","yoast_head_json":{"title":"Devolu\u00e7\u00f5es - \u00e1gua mole","robots":{"index":"index","follow":"follow","max-snippet":"max-snippet:-1","max-image-preview":"max-image-preview:large","max-video-preview":"max-video-preview:-1"},"canonical":"https:\/\/aguamole.pt\/index.php\/devolucoes\/","og_locale":"pt_PT","og_type":"article","og_title":"Devolu\u00e7\u00f5es - \u00e1gua mole","og_description":"TROCAS E DEVOLU\u00c7\u00d5ESQualquer produto adquirido em www.aguamole.pt pode ser trocado ou reembolsado, devendo o Cliente contactar-nos atrav\u00e9s do email\u00a0encomendas@aguamole.pt.\u00a0A\u00a0troca ou devolu\u00e7\u00e3o dever\u00e1 ser feita no prazo m\u00e1ximo de 14 dias.&hellip;","og_url":"https:\/\/aguamole.pt\/index.php\/devolucoes\/","og_site_name":"\u00e1gua mole","article_publisher":"https:\/\/www.facebook.com\/agua.mole.essencia","article_modified_time":"2020-11-17T13:35:09+00:00","twitter_card":"summary_large_image","twitter_misc":{"Tempo estimado de leitura":"2 minutos"},"schema":{"@context":"https:\/\/schema.org","@graph":[{"@type":"WebPage","@id":"https:\/\/aguamole.pt\/index.php\/devolucoes\/","url":"https:\/\/aguamole.pt\/index.php\/devolucoes\/","name":"Devolu\u00e7\u00f5es - \u00e1gua mole","isPartOf":{"@id":"https:\/\/aguamole.pt\/#website"},"datePublished":"2020-10-25T19:38:36+00:00","dateModified":"2020-11-17T13:35:09+00:00","breadcrumb":{"@id":"https:\/\/aguamole.pt\/index.php\/devolucoes\/#breadcrumb"},"inLanguage":"pt-PT","potentialAction":[{"@type":"ReadAction","target":["https:\/\/aguamole.pt\/index.php\/devolucoes\/"]}]},{"@type":"BreadcrumbList","@id":"https:\/\/aguamole.pt\/index.php\/devolucoes\/#breadcrumb","itemListElement":[{"@type":"ListItem","position":1,"name":"Home","item":"https:\/\/aguamole.pt\/"},{"@type":"ListItem","position":2,"name":"Devolu\u00e7\u00f5es"}]},{"@type":"WebSite","@id":"https:\/\/aguamole.pt\/#website","url":"https:\/\/aguamole.pt\/","name":"\u00e1gua mole","description":"Produtos de bem-estar naturais para o corpo e para a casa","publisher":{"@id":"https:\/\/aguamole.pt\/#organization"},"potentialAction":[{"@type":"SearchAction","target":{"@type":"EntryPoint","urlTemplate":"https:\/\/aguamole.pt\/?s={search_term_string}"},"query-input":{"@type":"PropertyValueSpecification","valueRequired":true,"valueName":"search_term_string"}}],"inLanguage":"pt-PT"},{"@type":"Organization","@id":"https:\/\/aguamole.pt\/#organization","name":"\u00e1gua mole","url":"https:\/\/aguamole.pt\/","logo":{"@type":"ImageObject","inLanguage":"pt-PT","@id":"https:\/\/aguamole.pt\/#\/schema\/logo\/image\/","url":"https:\/\/aguamole.pt\/wp-content\/uploads\/2020\/09\/logo_straight-01.png","contentUrl":"https:\/\/aguamole.pt\/wp-content\/uploads\/2020\/09\/logo_straight-01.png","width":129,"height":25,"caption":"\u00e1gua mole"},"image":{"@id":"https:\/\/aguamole.pt\/#\/schema\/logo\/image\/"},"sameAs":["https:\/\/www.facebook.com\/agua.mole.essencia","https:\/\/www.instagram.com\/agua.mole\/"]}]}},"jetpack_sharing_enabled":true,"_links":{"self":[{"href":"https:\/\/aguamole.pt\/index.php\/wp-json\/wp\/v2\/pages\/2081","targetHints":{"allow":["GET"]}}],"collection":[{"href":"https:\/\/aguamole.pt\/index.php\/wp-json\/wp\/v2\/pages"}],"about":[{"href":"https:\/\/aguamole.pt\/index.php\/wp-json\/wp\/v2\/types\/page"}],"author":[{"embeddable":true,"href":"https:\/\/aguamole.pt\/index.php\/wp-json\/wp\/v2\/users\/1"}],"replies":[{"embeddable":true,"href":"https:\/\/aguamole.pt\/index.php\/wp-json\/wp\/v2\/comments?post=2081"}],"version-history":[{"count":3,"href":"https:\/\/aguamole.pt\/index.php\/wp-json\/wp\/v2\/pages\/2081\/revisions"}],"predecessor-version":[{"id":2557,"href":"https:\/\/aguamole.pt\/index.php\/wp-json\/wp\/v2\/pages\/2081\/revisions\/2557"}],"wp:attachment":[{"href":"https:\/\/aguamole.pt\/index.php\/wp-json\/wp\/v2\/media?parent=2081"}],"curies":[{"name":"wp","href":"https:\/\/api.w.org\/{rel}","templated":true}]}}