{"id":3,"date":"2020-10-24T18:21:15","date_gmt":"2020-10-24T18:21:15","guid":{"rendered":"https:\/\/aguamole.pt\/?page_id=3"},"modified":"2020-10-25T15:07:38","modified_gmt":"2020-10-25T15:07:38","slug":"privacy-policy","status":"publish","type":"page","link":"https:\/\/aguamole.pt\/index.php\/privacy-policy\/","title":{"rendered":"Pol\u00edtica de Privacidade"},"content":{"rendered":"\n<p>Comprometemo-nos a respeitar os seus direitos de privacidade e a proteger as informa\u00e7\u00f5es que nos fornece online. Abaixo explicamos-lhe como recolhemos, usamos, divulgamos e gerimos as informa\u00e7\u00f5es que nos forne\u00e7a. Esta pol\u00edtica de privacidade aplica-se, sem limita\u00e7\u00e3o, a qualquer indiv\u00edduo ou entidade que use o site, crie uma conta e que nos forne\u00e7a informa\u00e7\u00e3o sob qualquer forma.&nbsp;<\/p>\n\n\n\n<p><strong>Ao usar este site e fornecer-nos qualquer informa\u00e7\u00e3o, voc\u00ea concorda com esta pol\u00edtica de privacidade. Se n\u00e3o concordar com estes par\u00e2metros, deve parar imediatamente de usar o site e de nos fornecer informa\u00e7\u00f5es sob qualquer outra forma.<\/strong><\/p>\n\n\n\n<p>O nosso site pode conter links para outros websites. Esta pol\u00edtica de privacidade n\u00e3o se aplica a informa\u00e7\u00f5es recolhidas em ou atrav\u00e9s de quaisquer sites de terceiros. N\u00e3o somos respons\u00e1veis pelas pr\u00e1ticas de privacidade ou conte\u00fados de terceiros. Por favor, consulte-as nos respectivos sites.\u00a0<\/p>\n\n\n\n<p><strong>OS SEUS DIREITOS<\/strong><\/p>\n\n\n\n<p>Como residente europeu, tem o direito de aceder \u00e0 qualquer informa\u00e7\u00e3o sua que tenhamos em nossa posse, basta contactar-nos por email:&nbsp;<a href=\"mailto:aguamole.essencia@gmail.com\">aguamole.essencia@gmail.com<\/a>.<\/p>\n\n\n\n<p>Utilizamos a sua informa\u00e7\u00e3o apenas para cumprir os nossos servi\u00e7os e n\u00e3o somos respons\u00e1veis pela pol\u00edtica de privacidade que outras plataformas (de pagamento, por exemplo) associadas ao nosso site, que possam ser diferentes por se localizarem fora da Europa.<\/p>\n\n\n\n<p><strong>RECOLHA E UTILIZA\u00c7\u00c3O DE INFORMA\u00c7\u00d5ES PESSOAIS<\/strong><\/p>\n\n\n\n<p>Ana Paula Branco Ruivo Policarpo Leit\u00e3o dos Santos, a t\u00edtulo singular, \u00e9 a \u00fanica propriet\u00e1ria das informa\u00e7\u00f5es recolhidas neste site. N\u00f3s n\u00e3o vendemos nem compartilhamos esta informa\u00e7\u00e3o a quaisquer partes externas.&nbsp;<\/p>\n\n\n\n<p>Podemos recolher as seguintes informa\u00e7\u00f5es:&nbsp;<\/p>\n\n\n\n<ul class=\"wp-block-list\"><li>Nome, endere\u00e7os, n\u00fameros de telefone, endere\u00e7os de e-mail, data de nascimento, nome de utilizador, senha e outras informa\u00e7\u00f5es de identifica\u00e7\u00e3o pessoal;&nbsp;<\/li><li>Determinadas informa\u00e7\u00f5es de perfil financeiro ou demogr\u00e1fico a utilizar no agregado, como a sua idade, sexo, c\u00f3digo postal ou pa\u00eds. As informa\u00e7\u00f5es demogr\u00e1ficas n\u00e3o s\u00e3o consideradas informa\u00e7\u00f5es pessoais, a menos que estejam vinculadas a informa\u00e7\u00f5es pessoais sobre um utilizador espec\u00edfico;&nbsp;<\/li><li>Nome do provedor de servi\u00e7os e a data, hora e conte\u00fado de quaisquer mensagens que nos envie;&nbsp;<\/li><li>Endere\u00e7o IP e outras informa\u00e7\u00f5es t\u00e9cnicas dos seus servidores ou fornecedores, como por exemplo: nomes de dom\u00ednio do servidor dom\u00e9stico, protocolo de Internet, tipo de sistema operacional e de navegador, idioma e p\u00e1ginas que visita neste site;<\/li><li>Cart\u00e3o de cr\u00e9dito\/d\u00e9bito e outras informa\u00e7\u00f5es de cobran\u00e7a, incluindo dados de transa\u00e7\u00f5es de titulares de cart\u00e3o, n\u00fameros de cart\u00f5es, datas de vencimento e endere\u00e7os de faturamento;&nbsp;<\/li><li>Informa\u00e7\u00f5es fornecidas em qualquer aplica\u00e7\u00e3o ou autoriza\u00e7\u00e3o, como localiza\u00e7\u00e3o, o seu tipo de aparelho, o seu UDID (c\u00f3digo de telefone exclusivo) e qualquer outra informa\u00e7\u00e3o que voc\u00ea ou o seu dispositivo m\u00f3vel nos forne\u00e7a;&nbsp;<\/li><li>Informa\u00e7\u00f5es obtidas atrav\u00e9s de e-mail e outras comunica\u00e7\u00f5es, de inqu\u00e9ritos, de sites de refer\u00eancia ou de terceiros, incluindo sites de redes sociais, como Facebook, Twitter, Tumblr, Instagram, Pinterest, YouTube, Google + e outros, da manuten\u00e7\u00e3o e an\u00e1lise de logs do servidor do site, e via &#8220;cookies&#8221; (pequenos arquivos de texto colocados por n\u00f3s no seu computador (s)), arquivos de imagem GIF \u00fanico pixel (tamb\u00e9m chamado de &#8220;Web beacons&#8221;), an\u00e1lise de log do servidor do site e outros meios tecnol\u00f3gicos semelhantes.&nbsp;<\/li><\/ul>\n\n\n\n<p><strong>COMO UTILIZAMOS AS SUAS INFORMA\u00c7\u00d5ES?<\/strong><\/p>\n\n\n\n<p>Fundamentalmente, para cumprir encomendas feitas atrav\u00e9s do site. Al\u00e9m disso, utilizamo-la para:&nbsp;<\/p>\n\n\n\n<ul class=\"wp-block-list\"><li>Comunicar consigo acerca do seu pedido;<\/li><li>Partilhar informa\u00e7\u00e3o ou publicidade relacionada com os nossos produtos;<\/li><li>Fazer a triagem de potenciais riscos e fraudes (em particular, o seu endere\u00e7o IP), melhorar e otimizar o nosso site (por exemplo, para analisar como os nossos clientes navegam e interagem com os sites, e perceber a performance das nossas a\u00e7\u00f5es).&nbsp;<\/li><\/ul>\n\n\n\n<p>Armazenamos ou transferimos os seus dados de cart\u00e3o de cr\u00e9dito\/d\u00e9bito apenas para concretizar transa\u00e7\u00f5es. S\u00f3 s\u00e3o partilhados com entidades diretamente envolvidas no processamento da transa\u00e7\u00e3o, com medidas de seguran\u00e7a apropriadas \u00e0 sua salvaguarda.&nbsp;<\/p>\n\n\n\n<p>Quando utilizamos terceiros para nos ajudar a recolher e\/ou processar as suas informa\u00e7\u00f5es pessoais, normalmente solicitamos que cumpram esta pol\u00edtica de privacidade. No entanto, n\u00f3s n\u00e3o fazemos nenhuma representa\u00e7\u00e3o ou garantia de que tais terceiros cumprir\u00e3o tal pedido. Esses terceiros incluem Facebook, Twitter, Instagram, YouTube, Pinterest, Spotify, redes de publicidade e outros. A coloca\u00e7\u00e3o de widgets de redes sociais pode permitir que esses terceiros vejam informa\u00e7\u00f5es suas e das suas atividades atrav\u00e9s de cookies, web beacons e outras tecnologias que eles acessam no seu navegador ou dispositivo.<\/p>\n\n\n\n<p>Recorremos ao Google Analytics para compreender melhor o perfil dos nossos clientes e como poderemos melhorar a sua experi\u00eancia. Pode conhecer as pol\u00edticas de privacidade desse servi\u00e7o&nbsp;<a href=\"https:\/\/www.google.com\/intl\/en\/policies\/privacy\/\">aqui<\/a>&nbsp;e tamb\u00e9m pode optar por&nbsp;<a href=\"https:\/\/tools.google.com\/dlpage\/gaoptout\">sair<\/a>.<\/p>\n\n\n\n<p><strong>ONDE ARMAZENAMOS INFORMA\u00c7\u00d5ES PESSOAIS<\/strong><\/p>\n\n\n\n<p>Quando faz uma encomenda no nosso site, mantemos a informa\u00e7\u00e3o que partilha connosco at\u00e9 que nos comunique algo em contr\u00e1rio.<\/p>\n\n\n\n<p>O MailChimp armazena o seu endere\u00e7o de email para que possamos enviar-lhe newsletters (caso subscreva) e outras comunica\u00e7\u00f5es de marketing. Este prestador de servi\u00e7os n\u00e3o est\u00e1 autorizado a utilizar as informa\u00e7\u00f5es recolhidas em nosso nome, exceto os servi\u00e7os que precisamos. Pode saber mais sobre a pol\u00edtica do MailChimp&nbsp;<a href=\"https:\/\/kb.mailchimp.com\/accounts\/management\/about-the-general-data-protection-regulation\">aqui<\/a>.<\/p>\n\n\n\n<p><strong>COOKIES<\/strong><\/p>\n\n\n\n<p>Como explicamos abaixo, o nosso site utiliza cookies, para melhorar a sua experi\u00eancia. Pode impedir a configura\u00e7\u00e3o de cookies nas configura\u00e7\u00f5es do seu browser. Esteja ciente de que a desativa\u00e7\u00e3o de cookies afetar\u00e1 a funcionalidade deste e de outros sites que visitar. Para uma experi\u00eancia completa, \u00e9 recomend\u00e1vel que n\u00e3o os desative.<\/p>\n\n\n\n<p><strong>Usamos cookies:&nbsp;<\/strong><\/p>\n\n\n\n<ul class=\"wp-block-list\"><li><strong>Relacionados \u00e0 conta:&nbsp;<\/strong>para gerirmos a sua inscri\u00e7\u00e3o, caso crie uma conta connosco. S\u00e3o geralmente exclu\u00eddos quando sai do sistema, mas em alguns casos podem permanecer para guardar as suas prefer\u00eancias. <\/li><li><strong>Relacionados ao log in:&nbsp;<\/strong>utilizamos cookies enquanto est\u00e1 conectado atrav\u00e9s do login, para evitar que tenha de fazer log in sempre que visita uma nova p\u00e1gina do site. Normalmente, s\u00e3o removidos ou limpos quando voc\u00ea faz log out.<\/li><li><strong>Relacionados a newsletters:&nbsp;<\/strong>\u200b\u200bpara sabermos se j\u00e1 est\u00e1 registado e se devemos mostrar determinadas notifica\u00e7\u00f5es.&nbsp;<\/li><li><strong>Relacionados a servi\u00e7os externos:<\/strong>&nbsp;temos servi\u00e7os de com\u00e9rcio eletr\u00f3nico e pagamento, com alguns cookies essenciais para garantir que o seu pedido \u00e9 memorizado entre p\u00e1ginas e corretamente processado.<\/li><\/ul>\n\n\n\n<p><strong>Relacionados a formul\u00e1rios:&nbsp;quando preenche um formul\u00e1rio encontrado em alguma p\u00e1gina do site, incluindo coment\u00e1rios, os cookies memorizam os detalhes do usu\u00e1rio para correspond\u00eancia futura.<\/strong><\/p>\n\n\n\n<ul class=\"wp-block-list\"><li><strong>De prefer\u00eancias do site:<\/strong>&nbsp;para uma boa experi\u00eancia online, tem a op\u00e7\u00e3o de definir as suas prefer\u00eancias de utiliza\u00e7\u00e3o. Precisamos de definir cookies para que essas prefer\u00eancias sejam memorizadas e usadas sempre que preciso, durante a navega\u00e7\u00e3o no site.&nbsp;<\/li><li><strong>De terceiros:&nbsp;<\/strong>em alguns casos, tamb\u00e9m usamos cookies fornecidas por terceiros confi\u00e1veis, como o Google Analytics, para entendermos os nossos utilizadores e melhorar a sua experi\u00eancia. Para mais informa\u00e7\u00f5es, consulte as pol\u00edticas de cookies do Google Analytics.<\/li><\/ul>\n\n\n\n<p><strong>ENCOMENDAS E PAGAMENTO<\/strong><\/p>\n\n\n\n<p>Para fazer uma encomenda caso selecione o pagamento por cart\u00e3o de cr\u00e9dito, precisamos do seu n\u00famero, data de expira\u00e7\u00e3o e n\u00famero CVV, informa\u00e7\u00e3o usada apenas para cumprir a sua encomenda. Se quiser usar cart\u00e3o de cr\u00e9dito, temos de compartilhar a sua informa\u00e7\u00e3o pessoal e financeira com o banco, para a autoriza\u00e7\u00e3o e a aprova\u00e7\u00e3o. Esse processo \u00e9 protegido por um sistema de seguran\u00e7a aprimorado.&nbsp;Temos tamb\u00e9m a op\u00e7\u00e3o por Paypal.<\/p>\n\n\n\n<p><strong>COMENT\u00c1RIOS<\/strong><\/p>\n\n\n\n<p>\u00c9 nosso direito utilizar as informa\u00e7\u00f5es em coment\u00e1rios feitos nos nossos sites ou redes sociais para percebermos melhor os nossos clientes. Tamb\u00e9m os podemos partilhar como testemunhos do uso dos nossos produtos. Temos o direito de os remover, sempre que acharmos que violam algum princ\u00edpio moral defendido pela empresa. Ao publicar um coment\u00e1rio, \u00e9 respons\u00e1vel pelo seu conte\u00fado e est\u00e1 ciente de que o podemos usar.&nbsp;<\/p>\n\n\n\n<p><strong>IDADE DE CONSENTIMENTO<\/strong><\/p>\n\n\n\n<p>Ao utilizar o nosso site, declara que \u00e9 maior de idade e que nos deu o consentimento para recolhermos as suas informa\u00e7\u00f5es. Os nossos servi\u00e7os n\u00e3o se destinam a crian\u00e7as e os menores devem utilizar este site acompanhados de um adulto.&nbsp;<\/p>\n\n\n\n<p><strong>ATUALIZA\u00c7\u00d5ES E ALTERA\u00c7\u00d5ES DA POL\u00cdTICA DE PRIVACIDADE<\/strong><\/p>\n\n\n\n<p>Reservamos o direito de modificar esta pol\u00edtica de privacidade a qualquer momento, devido a mudan\u00e7as nas nossas pr\u00e1ticas ou por outras raz\u00f5es operacionais, legais ou regulamentares, por isso, reveja-o regularmente. As altera\u00e7\u00f5es e clarifica\u00e7\u00f5es ter\u00e3o efeito imediatamente ap\u00f3s a sua publica\u00e7\u00e3o no site. Se fizermos altera\u00e7\u00f5es materiais a esta pol\u00edtica, vamos notific\u00e1-lo para que tome conhecimento.&nbsp;<\/p>\n\n\n\n<p><strong>TRANSI\u00c7\u00d5ES DE NEG\u00d3CIOS<\/strong><\/p>\n\n\n\n<p>Se a nossa empresa for adquirida por ou incorporada em outra empresa, as suas informa\u00e7\u00f5es poder\u00e3o ser transferidas para os novos propriet\u00e1rios para que possamos continuar a vender-lhe produtos.&nbsp;<\/p>\n\n\n\n<p><strong>DIREITOS AUTORAIS<\/strong><\/p>\n\n\n\n<p>Todo o texto e imagens do site est\u00e3o sob direitos de copyright e outros direitos de propriedade intelectual. Portanto, n\u00e3o \u00e9 permitida a sua reprodu\u00e7\u00e3o e\/ou c\u00f3pia, e&nbsp; tamb\u00e9m \u00e9 proibida a sua modifica\u00e7\u00e3o, inclus\u00e3o e publica\u00e7\u00e3o em outros meios sem a devida autoriza\u00e7\u00e3o, estando sujeito \u00e0s responsabilidades e san\u00e7\u00f5es legais.<\/p>\n","protected":false},"excerpt":{"rendered":"<p>Comprometemo-nos a respeitar os seus direitos de privacidade e a proteger as informa\u00e7\u00f5es que nos fornece online. Abaixo explicamos-lhe como recolhemos, usamos, divulgamos e gerimos as informa\u00e7\u00f5es que nos forne\u00e7a.&hellip;<\/p>\n","protected":false},"author":1,"featured_media":0,"parent":0,"menu_order":0,"comment_status":"closed","ping_status":"closed","template":"","meta":{"footnotes":""},"class_list":["post-3","page","type-page","status-publish","hentry"],"yoast_head":"<!-- This site is optimized with the Yoast SEO plugin v27.0 - https:\/\/yoast.com\/product\/yoast-seo-wordpress\/ -->\n<title>Pol\u00edtica de Privacidade - \u00e1gua mole<\/title>\n<meta name=\"robots\" content=\"index, follow, max-snippet:-1, max-image-preview:large, max-video-preview:-1\" \/>\n<link rel=\"canonical\" href=\"https:\/\/aguamole.pt\/index.php\/privacy-policy\/\" \/>\n<meta property=\"og:locale\" content=\"pt_PT\" \/>\n<meta property=\"og:type\" content=\"article\" \/>\n<meta property=\"og:title\" content=\"Pol\u00edtica de Privacidade - \u00e1gua mole\" \/>\n<meta property=\"og:description\" content=\"Comprometemo-nos a respeitar os seus direitos de privacidade e a proteger as informa\u00e7\u00f5es que nos fornece online. Abaixo explicamos-lhe como recolhemos, usamos, divulgamos e gerimos as informa\u00e7\u00f5es que nos forne\u00e7a.&hellip;\" \/>\n<meta property=\"og:url\" content=\"https:\/\/aguamole.pt\/index.php\/privacy-policy\/\" \/>\n<meta property=\"og:site_name\" content=\"\u00e1gua mole\" \/>\n<meta property=\"article:publisher\" content=\"https:\/\/www.facebook.com\/agua.mole.essencia\" \/>\n<meta property=\"article:modified_time\" content=\"2020-10-25T15:07:38+00:00\" \/>\n<meta name=\"twitter:card\" content=\"summary_large_image\" \/>\n<meta name=\"twitter:label1\" content=\"Tempo estimado de leitura\" \/>\n\t<meta name=\"twitter:data1\" content=\"8 minutos\" \/>\n<script type=\"application\/ld+json\" class=\"yoast-schema-graph\">{\"@context\":\"https:\/\/schema.org\",\"@graph\":[{\"@type\":\"WebPage\",\"@id\":\"https:\/\/aguamole.pt\/index.php\/privacy-policy\/\",\"url\":\"https:\/\/aguamole.pt\/index.php\/privacy-policy\/\",\"name\":\"Pol\u00edtica de Privacidade - \u00e1gua mole\",\"isPartOf\":{\"@id\":\"https:\/\/aguamole.pt\/#website\"},\"datePublished\":\"2020-10-24T18:21:15+00:00\",\"dateModified\":\"2020-10-25T15:07:38+00:00\",\"breadcrumb\":{\"@id\":\"https:\/\/aguamole.pt\/index.php\/privacy-policy\/#breadcrumb\"},\"inLanguage\":\"pt-PT\",\"potentialAction\":[{\"@type\":\"ReadAction\",\"target\":[\"https:\/\/aguamole.pt\/index.php\/privacy-policy\/\"]}]},{\"@type\":\"BreadcrumbList\",\"@id\":\"https:\/\/aguamole.pt\/index.php\/privacy-policy\/#breadcrumb\",\"itemListElement\":[{\"@type\":\"ListItem\",\"position\":1,\"name\":\"Home\",\"item\":\"https:\/\/aguamole.pt\/\"},{\"@type\":\"ListItem\",\"position\":2,\"name\":\"Pol\u00edtica de Privacidade\"}]},{\"@type\":\"WebSite\",\"@id\":\"https:\/\/aguamole.pt\/#website\",\"url\":\"https:\/\/aguamole.pt\/\",\"name\":\"\u00e1gua mole\",\"description\":\"Produtos de bem-estar naturais para o corpo e para a casa\",\"publisher\":{\"@id\":\"https:\/\/aguamole.pt\/#organization\"},\"potentialAction\":[{\"@type\":\"SearchAction\",\"target\":{\"@type\":\"EntryPoint\",\"urlTemplate\":\"https:\/\/aguamole.pt\/?s={search_term_string}\"},\"query-input\":{\"@type\":\"PropertyValueSpecification\",\"valueRequired\":true,\"valueName\":\"search_term_string\"}}],\"inLanguage\":\"pt-PT\"},{\"@type\":\"Organization\",\"@id\":\"https:\/\/aguamole.pt\/#organization\",\"name\":\"\u00e1gua mole\",\"url\":\"https:\/\/aguamole.pt\/\",\"logo\":{\"@type\":\"ImageObject\",\"inLanguage\":\"pt-PT\",\"@id\":\"https:\/\/aguamole.pt\/#\/schema\/logo\/image\/\",\"url\":\"https:\/\/aguamole.pt\/wp-content\/uploads\/2020\/09\/logo_straight-01.png\",\"contentUrl\":\"https:\/\/aguamole.pt\/wp-content\/uploads\/2020\/09\/logo_straight-01.png\",\"width\":129,\"height\":25,\"caption\":\"\u00e1gua mole\"},\"image\":{\"@id\":\"https:\/\/aguamole.pt\/#\/schema\/logo\/image\/\"},\"sameAs\":[\"https:\/\/www.facebook.com\/agua.mole.essencia\",\"https:\/\/www.instagram.com\/agua.mole\/\"]}]}<\/script>\n<!-- \/ Yoast SEO plugin. -->","yoast_head_json":{"title":"Pol\u00edtica de Privacidade - \u00e1gua mole","robots":{"index":"index","follow":"follow","max-snippet":"max-snippet:-1","max-image-preview":"max-image-preview:large","max-video-preview":"max-video-preview:-1"},"canonical":"https:\/\/aguamole.pt\/index.php\/privacy-policy\/","og_locale":"pt_PT","og_type":"article","og_title":"Pol\u00edtica de Privacidade - \u00e1gua mole","og_description":"Comprometemo-nos a respeitar os seus direitos de privacidade e a proteger as informa\u00e7\u00f5es que nos fornece online. Abaixo explicamos-lhe como recolhemos, usamos, divulgamos e gerimos as informa\u00e7\u00f5es que nos forne\u00e7a.&hellip;","og_url":"https:\/\/aguamole.pt\/index.php\/privacy-policy\/","og_site_name":"\u00e1gua mole","article_publisher":"https:\/\/www.facebook.com\/agua.mole.essencia","article_modified_time":"2020-10-25T15:07:38+00:00","twitter_card":"summary_large_image","twitter_misc":{"Tempo estimado de leitura":"8 minutos"},"schema":{"@context":"https:\/\/schema.org","@graph":[{"@type":"WebPage","@id":"https:\/\/aguamole.pt\/index.php\/privacy-policy\/","url":"https:\/\/aguamole.pt\/index.php\/privacy-policy\/","name":"Pol\u00edtica de Privacidade - \u00e1gua mole","isPartOf":{"@id":"https:\/\/aguamole.pt\/#website"},"datePublished":"2020-10-24T18:21:15+00:00","dateModified":"2020-10-25T15:07:38+00:00","breadcrumb":{"@id":"https:\/\/aguamole.pt\/index.php\/privacy-policy\/#breadcrumb"},"inLanguage":"pt-PT","potentialAction":[{"@type":"ReadAction","target":["https:\/\/aguamole.pt\/index.php\/privacy-policy\/"]}]},{"@type":"BreadcrumbList","@id":"https:\/\/aguamole.pt\/index.php\/privacy-policy\/#breadcrumb","itemListElement":[{"@type":"ListItem","position":1,"name":"Home","item":"https:\/\/aguamole.pt\/"},{"@type":"ListItem","position":2,"name":"Pol\u00edtica de Privacidade"}]},{"@type":"WebSite","@id":"https:\/\/aguamole.pt\/#website","url":"https:\/\/aguamole.pt\/","name":"\u00e1gua mole","description":"Produtos de bem-estar naturais para o corpo e para a casa","publisher":{"@id":"https:\/\/aguamole.pt\/#organization"},"potentialAction":[{"@type":"SearchAction","target":{"@type":"EntryPoint","urlTemplate":"https:\/\/aguamole.pt\/?s={search_term_string}"},"query-input":{"@type":"PropertyValueSpecification","valueRequired":true,"valueName":"search_term_string"}}],"inLanguage":"pt-PT"},{"@type":"Organization","@id":"https:\/\/aguamole.pt\/#organization","name":"\u00e1gua mole","url":"https:\/\/aguamole.pt\/","logo":{"@type":"ImageObject","inLanguage":"pt-PT","@id":"https:\/\/aguamole.pt\/#\/schema\/logo\/image\/","url":"https:\/\/aguamole.pt\/wp-content\/uploads\/2020\/09\/logo_straight-01.png","contentUrl":"https:\/\/aguamole.pt\/wp-content\/uploads\/2020\/09\/logo_straight-01.png","width":129,"height":25,"caption":"\u00e1gua mole"},"image":{"@id":"https:\/\/aguamole.pt\/#\/schema\/logo\/image\/"},"sameAs":["https:\/\/www.facebook.com\/agua.mole.essencia","https:\/\/www.instagram.com\/agua.mole\/"]}]}},"jetpack_sharing_enabled":true,"_links":{"self":[{"href":"https:\/\/aguamole.pt\/index.php\/wp-json\/wp\/v2\/pages\/3","targetHints":{"allow":["GET"]}}],"collection":[{"href":"https:\/\/aguamole.pt\/index.php\/wp-json\/wp\/v2\/pages"}],"about":[{"href":"https:\/\/aguamole.pt\/index.php\/wp-json\/wp\/v2\/types\/page"}],"author":[{"embeddable":true,"href":"https:\/\/aguamole.pt\/index.php\/wp-json\/wp\/v2\/users\/1"}],"replies":[{"embeddable":true,"href":"https:\/\/aguamole.pt\/index.php\/wp-json\/wp\/v2\/comments?post=3"}],"version-history":[{"count":8,"href":"https:\/\/aguamole.pt\/index.php\/wp-json\/wp\/v2\/pages\/3\/revisions"}],"predecessor-version":[{"id":2065,"href":"https:\/\/aguamole.pt\/index.php\/wp-json\/wp\/v2\/pages\/3\/revisions\/2065"}],"wp:attachment":[{"href":"https:\/\/aguamole.pt\/index.php\/wp-json\/wp\/v2\/media?parent=3"}],"curies":[{"name":"wp","href":"https:\/\/api.w.org\/{rel}","templated":true}]}}