{"id":1436,"date":"2020-09-04T11:45:28","date_gmt":"2020-09-04T11:45:28","guid":{"rendered":"https:\/\/aguamole.pt\/index.php\/product\/pastilhas-de-cera-aromatizante-12gr\/"},"modified":"2024-11-25T12:54:25","modified_gmt":"2024-11-25T12:54:25","slug":"massage-candle","status":"publish","type":"product","link":"https:\/\/aguamole.pt\/index.php\/product\/massage-candle\/","title":{"rendered":"Vela de Massagem"},"content":{"rendered":"<p><strong>Ingredientes Ativos:<\/strong><br \/>\nCera de azeitona<br \/>\n\u00d3leo de grainha de uva<br \/>\nManteiga de Karit\u00e9<br \/>\n\u00d3leo de am\u00eandoas doces<\/p>\n<p><strong>Cuidados a ter:<\/strong><br \/>\nNunca deixar sem vigil\u00e2ncia e perto de objectos facilmente inflam\u00e1veis.<br \/>\nN\u00e3o deixar o produto ao alcance de crian\u00e7as e\/ou animais de estima\u00e7\u00e3o.<\/p>\n<p>&nbsp;<\/p>\n","protected":false},"excerpt":{"rendered":"<p><span data-sheets-value=\"{&quot;1&quot;:2,&quot;2&quot;:&quot;Junt\u00e1mos os melhores \u00f3leos para que esta vela seja a melhor amiga do seu momento de bem-estar. Surpreenda-se ou surpreenda a sua cara metade nesta experi\u00eancia sensorial e nutritiva. Para momentos de relaxamento, hidrata\u00e7\u00e3o e bem-estar, esta vela \u00e9 composta por \u00f3leo de grainha de uva, cera de azeitona, manteiga de karit\u00e9 e \u00f3leo de am\u00eandoas doces que ir\u00e1 deixar a sua pele n\u00e3o s\u00f3 perfumada como profundamente hidratada.\\nA vela perfeita para um fim-de-semana a dois ou uma noite de self care.\\nOutras fragr\u00e2ncias dispon\u00edveis na cole\u00e7\u00e3o Pura Termal.&quot;}\" data-sheets-userformat=\"{&quot;2&quot;:15293,&quot;3&quot;:{&quot;1&quot;:0},&quot;5&quot;:{&quot;1&quot;:[{&quot;1&quot;:2,&quot;2&quot;:0,&quot;5&quot;:{&quot;1&quot;:2,&quot;2&quot;:0}},{&quot;1&quot;:0,&quot;2&quot;:0,&quot;3&quot;:3},{&quot;1&quot;:1,&quot;2&quot;:0,&quot;4&quot;:1}]},&quot;6&quot;:{&quot;1&quot;:[{&quot;1&quot;:2,&quot;2&quot;:0,&quot;5&quot;:{&quot;1&quot;:2,&quot;2&quot;:0}},{&quot;1&quot;:0,&quot;2&quot;:0,&quot;3&quot;:3},{&quot;1&quot;:1,&quot;2&quot;:0,&quot;4&quot;:1}]},&quot;7&quot;:{&quot;1&quot;:[{&quot;1&quot;:2,&quot;2&quot;:0,&quot;5&quot;:{&quot;1&quot;:2,&quot;2&quot;:0}},{&quot;1&quot;:0,&quot;2&quot;:0,&quot;3&quot;:3},{&quot;1&quot;:1,&quot;2&quot;:0,&quot;4&quot;:1}]},&quot;8&quot;:{&quot;1&quot;:[{&quot;1&quot;:2,&quot;2&quot;:0,&quot;5&quot;:{&quot;1&quot;:2,&quot;2&quot;:0}},{&quot;1&quot;:0,&quot;2&quot;:0,&quot;3&quot;:3},{&quot;1&quot;:1,&quot;2&quot;:0,&quot;4&quot;:1}]},&quot;10&quot;:0,&quot;11&quot;:4,&quot;12&quot;:0,&quot;14&quot;:{&quot;1&quot;:2,&quot;2&quot;:0},&quot;15&quot;:&quot;Arial&quot;,&quot;16&quot;:9}\">Junt\u00e1mos os melhores \u00f3leos para que esta vela seja a melhor amiga do seu momento de bem-estar.\u00a0<\/span><\/p>\n<p><span data-sheets-value=\"{&quot;1&quot;:2,&quot;2&quot;:&quot;Junt\u00e1mos os melhores \u00f3leos para que esta vela seja a melhor amiga do seu momento de bem-estar. Surpreenda-se ou surpreenda a sua cara metade nesta experi\u00eancia sensorial e nutritiva. Para momentos de relaxamento, hidrata\u00e7\u00e3o e bem-estar, esta vela \u00e9 composta por \u00f3leo de grainha de uva, cera de azeitona, manteiga de karit\u00e9 e \u00f3leo de am\u00eandoas doces que ir\u00e1 deixar a sua pele n\u00e3o s\u00f3 perfumada como profundamente hidratada.\\nA vela perfeita para um fim-de-semana a dois ou uma noite de self care.\\nOutras fragr\u00e2ncias dispon\u00edveis na cole\u00e7\u00e3o Pura Termal.&quot;}\" data-sheets-userformat=\"{&quot;2&quot;:15293,&quot;3&quot;:{&quot;1&quot;:0},&quot;5&quot;:{&quot;1&quot;:[{&quot;1&quot;:2,&quot;2&quot;:0,&quot;5&quot;:{&quot;1&quot;:2,&quot;2&quot;:0}},{&quot;1&quot;:0,&quot;2&quot;:0,&quot;3&quot;:3},{&quot;1&quot;:1,&quot;2&quot;:0,&quot;4&quot;:1}]},&quot;6&quot;:{&quot;1&quot;:[{&quot;1&quot;:2,&quot;2&quot;:0,&quot;5&quot;:{&quot;1&quot;:2,&quot;2&quot;:0}},{&quot;1&quot;:0,&quot;2&quot;:0,&quot;3&quot;:3},{&quot;1&quot;:1,&quot;2&quot;:0,&quot;4&quot;:1}]},&quot;7&quot;:{&quot;1&quot;:[{&quot;1&quot;:2,&quot;2&quot;:0,&quot;5&quot;:{&quot;1&quot;:2,&quot;2&quot;:0}},{&quot;1&quot;:0,&quot;2&quot;:0,&quot;3&quot;:3},{&quot;1&quot;:1,&quot;2&quot;:0,&quot;4&quot;:1}]},&quot;8&quot;:{&quot;1&quot;:[{&quot;1&quot;:2,&quot;2&quot;:0,&quot;5&quot;:{&quot;1&quot;:2,&quot;2&quot;:0}},{&quot;1&quot;:0,&quot;2&quot;:0,&quot;3&quot;:3},{&quot;1&quot;:1,&quot;2&quot;:0,&quot;4&quot;:1}]},&quot;10&quot;:0,&quot;11&quot;:4,&quot;12&quot;:0,&quot;14&quot;:{&quot;1&quot;:2,&quot;2&quot;:0},&quot;15&quot;:&quot;Arial&quot;,&quot;16&quot;:9}\">Para momentos de relaxamento, hidrata\u00e7\u00e3o e bem-estar, esta vela \u00e9 composta por \u00f3leo de grainha de uva, cera de azeitona, manteiga de karit\u00e9 e \u00f3leo de am\u00eandoas doces que ir\u00e1 deixar a sua pele n\u00e3o s\u00f3 perfumada como profundamente hidratada. <\/span><\/p>\n<p><span data-sheets-value=\"{&quot;1&quot;:2,&quot;2&quot;:&quot;Junt\u00e1mos os melhores \u00f3leos para que esta vela seja a melhor amiga do seu momento de bem-estar. Surpreenda-se ou surpreenda a sua cara metade nesta experi\u00eancia sensorial e nutritiva. Para momentos de relaxamento, hidrata\u00e7\u00e3o e bem-estar, esta vela \u00e9 composta por \u00f3leo de grainha de uva, cera de azeitona, manteiga de karit\u00e9 e \u00f3leo de am\u00eandoas doces que ir\u00e1 deixar a sua pele n\u00e3o s\u00f3 perfumada como profundamente hidratada.\\nA vela perfeita para um fim-de-semana a dois ou uma noite de self care.\\nOutras fragr\u00e2ncias dispon\u00edveis na cole\u00e7\u00e3o Pura Termal.&quot;}\" data-sheets-userformat=\"{&quot;2&quot;:15293,&quot;3&quot;:{&quot;1&quot;:0},&quot;5&quot;:{&quot;1&quot;:[{&quot;1&quot;:2,&quot;2&quot;:0,&quot;5&quot;:{&quot;1&quot;:2,&quot;2&quot;:0}},{&quot;1&quot;:0,&quot;2&quot;:0,&quot;3&quot;:3},{&quot;1&quot;:1,&quot;2&quot;:0,&quot;4&quot;:1}]},&quot;6&quot;:{&quot;1&quot;:[{&quot;1&quot;:2,&quot;2&quot;:0,&quot;5&quot;:{&quot;1&quot;:2,&quot;2&quot;:0}},{&quot;1&quot;:0,&quot;2&quot;:0,&quot;3&quot;:3},{&quot;1&quot;:1,&quot;2&quot;:0,&quot;4&quot;:1}]},&quot;7&quot;:{&quot;1&quot;:[{&quot;1&quot;:2,&quot;2&quot;:0,&quot;5&quot;:{&quot;1&quot;:2,&quot;2&quot;:0}},{&quot;1&quot;:0,&quot;2&quot;:0,&quot;3&quot;:3},{&quot;1&quot;:1,&quot;2&quot;:0,&quot;4&quot;:1}]},&quot;8&quot;:{&quot;1&quot;:[{&quot;1&quot;:2,&quot;2&quot;:0,&quot;5&quot;:{&quot;1&quot;:2,&quot;2&quot;:0}},{&quot;1&quot;:0,&quot;2&quot;:0,&quot;3&quot;:3},{&quot;1&quot;:1,&quot;2&quot;:0,&quot;4&quot;:1}]},&quot;10&quot;:0,&quot;11&quot;:4,&quot;12&quot;:0,&quot;14&quot;:{&quot;1&quot;:2,&quot;2&quot;:0},&quot;15&quot;:&quot;Arial&quot;,&quot;16&quot;:9}\">A vela perfeita para um fim-de-semana a dois ou uma noite de <em>self care<\/em>.<br \/>\n<\/span><\/p>\n<p><strong>Vegan<\/strong><br \/>\n<strong>Peso 100gr<\/strong><\/p>\n<p><strong>Como usar:<br \/>\n<\/strong><span data-sheets-value=\"{&quot;1&quot;:2,&quot;2&quot;:&quot;Utiliza\u00e7\u00e3o\\nAcenda a vela e deixe derreter at\u00e9 ter a quantidade de \u00f3leo desejada.\\nApague a vela e certifique-se de que n\u00e3o est\u00e1 demasiado quente. Aplique um pouco de \u00f3leo na m\u00e3o ou diretamente na zona a massajar.\\nCuidados a ter\\nNunca deixar sem vigil\u00e2ncia e perto de objectos facilmente inflam\u00e1veis.\\nN\u00e3o deixar o produto ao alcance de crian\u00e7as e\/ou animais de estima\u00e7\u00e3o.&quot;}\" data-sheets-userformat=\"{&quot;2&quot;:31677,&quot;3&quot;:{&quot;1&quot;:0},&quot;5&quot;:{&quot;1&quot;:[{&quot;1&quot;:2,&quot;2&quot;:0,&quot;5&quot;:{&quot;1&quot;:2,&quot;2&quot;:0}},{&quot;1&quot;:0,&quot;2&quot;:0,&quot;3&quot;:3},{&quot;1&quot;:1,&quot;2&quot;:0,&quot;4&quot;:1}]},&quot;6&quot;:{&quot;1&quot;:[{&quot;1&quot;:2,&quot;2&quot;:0,&quot;5&quot;:{&quot;1&quot;:2,&quot;2&quot;:0}},{&quot;1&quot;:0,&quot;2&quot;:0,&quot;3&quot;:3},{&quot;1&quot;:1,&quot;2&quot;:0,&quot;4&quot;:1}]},&quot;7&quot;:{&quot;1&quot;:[{&quot;1&quot;:2,&quot;2&quot;:0,&quot;5&quot;:{&quot;1&quot;:2,&quot;2&quot;:0}},{&quot;1&quot;:0,&quot;2&quot;:0,&quot;3&quot;:3},{&quot;1&quot;:1,&quot;2&quot;:0,&quot;4&quot;:1}]},&quot;8&quot;:{&quot;1&quot;:[{&quot;1&quot;:2,&quot;2&quot;:0,&quot;5&quot;:{&quot;1&quot;:2,&quot;2&quot;:0}},{&quot;1&quot;:0,&quot;2&quot;:0,&quot;3&quot;:3},{&quot;1&quot;:1,&quot;2&quot;:0,&quot;4&quot;:1}]},&quot;10&quot;:0,&quot;11&quot;:4,&quot;12&quot;:0,&quot;14&quot;:{&quot;1&quot;:2,&quot;2&quot;:0},&quot;15&quot;:&quot;Arial&quot;,&quot;16&quot;:9,&quot;17&quot;:1}\" data-sheets-textstyleruns=\"{&quot;1&quot;:0}\uee10{&quot;1&quot;:11,&quot;2&quot;:{&quot;5&quot;:0}}\">Acenda a vela e deixe derreter at\u00e9 ter a quantidade de \u00f3leo desejada.<br \/>\nApague a vela e certifique-se de que n\u00e3o est\u00e1 demasiado quente. Aplique um pouco de \u00f3leo na m\u00e3o ou diretamente na zona a massajar.<\/span><\/p>\n","protected":false},"featured_media":3481,"comment_status":"open","ping_status":"closed","template":"","meta":[],"product_brand":[],"product_cat":[189,186],"product_tag":[135,136,132,175,155,131],"class_list":{"0":"post-1436","1":"product","2":"type-product","3":"status-publish","4":"has-post-thumbnail","6":"product_cat-collection-aguamole","7":"product_cat-body","8":"product_tag-body","9":"product_tag-corpo","10":"product_tag-massage","11":"product_tag-ritual","12":"product_tag-spa","13":"product_tag-candle","15":"first","16":"instock","17":"taxable","18":"shipping-taxable","19":"purchasable","20":"product-type-variable"},"yoast_head":"<!-- This site is optimized with the Yoast SEO plugin v27.0 - https:\/\/yoast.com\/product\/yoast-seo-wordpress\/ -->\n<title>Vela de Massagem - \u00e1gua mole<\/title>\n<meta name=\"description\" content=\"Vela de Massagem V\u00e9ritas para momentos de relaxamento, hidrata\u00e7\u00e3o e bem-estar. Dispon\u00edvel tamb\u00e9m na cole\u00e7\u00e3o Pura Termal.\" \/>\n<meta name=\"robots\" content=\"index, follow, max-snippet:-1, max-image-preview:large, max-video-preview:-1\" \/>\n<link rel=\"canonical\" href=\"https:\/\/aguamole.pt\/index.php\/product\/massage-candle\/\" \/>\n<meta property=\"og:locale\" content=\"pt_PT\" \/>\n<meta property=\"og:type\" content=\"article\" \/>\n<meta property=\"og:title\" content=\"Vela de Massagem - \u00e1gua mole\" \/>\n<meta property=\"og:description\" content=\"Vela de Massagem V\u00e9ritas para momentos de relaxamento, hidrata\u00e7\u00e3o e bem-estar. Dispon\u00edvel tamb\u00e9m na cole\u00e7\u00e3o Pura Termal.\" \/>\n<meta property=\"og:url\" content=\"https:\/\/aguamole.pt\/index.php\/product\/massage-candle\/\" \/>\n<meta property=\"og:site_name\" content=\"\u00e1gua mole\" \/>\n<meta property=\"article:publisher\" content=\"https:\/\/www.facebook.com\/agua.mole.essencia\" \/>\n<meta property=\"article:modified_time\" content=\"2024-11-25T12:54:25+00:00\" \/>\n<meta property=\"og:image\" content=\"https:\/\/aguamole.pt\/wp-content\/uploads\/2020\/09\/am_vm_3.jpg\" \/>\n\t<meta property=\"og:image:width\" content=\"1400\" \/>\n\t<meta property=\"og:image:height\" content=\"1600\" \/>\n\t<meta property=\"og:image:type\" content=\"image\/jpeg\" \/>\n<meta name=\"twitter:card\" content=\"summary_large_image\" \/>\n<meta name=\"twitter:label1\" content=\"Tempo estimado de leitura\" \/>\n\t<meta name=\"twitter:data1\" content=\"1 minuto\" \/>\n<script type=\"application\/ld+json\" class=\"yoast-schema-graph\">{\"@context\":\"https:\/\/schema.org\",\"@graph\":[{\"@type\":\"WebPage\",\"@id\":\"https:\/\/aguamole.pt\/index.php\/product\/massage-candle\/\",\"url\":\"https:\/\/aguamole.pt\/index.php\/product\/massage-candle\/\",\"name\":\"Vela de Massagem - \u00e1gua mole\",\"isPartOf\":{\"@id\":\"https:\/\/aguamole.pt\/#website\"},\"primaryImageOfPage\":{\"@id\":\"https:\/\/aguamole.pt\/index.php\/product\/massage-candle\/#primaryimage\"},\"image\":{\"@id\":\"https:\/\/aguamole.pt\/index.php\/product\/massage-candle\/#primaryimage\"},\"thumbnailUrl\":\"https:\/\/aguamole.pt\/wp-content\/uploads\/2020\/09\/am_vm_3.jpg\",\"datePublished\":\"2020-09-04T11:45:28+00:00\",\"dateModified\":\"2024-11-25T12:54:25+00:00\",\"description\":\"Vela de Massagem V\u00e9ritas para momentos de relaxamento, hidrata\u00e7\u00e3o e bem-estar. Dispon\u00edvel tamb\u00e9m na cole\u00e7\u00e3o Pura Termal.\",\"breadcrumb\":{\"@id\":\"https:\/\/aguamole.pt\/index.php\/product\/massage-candle\/#breadcrumb\"},\"inLanguage\":\"pt-PT\",\"potentialAction\":[{\"@type\":\"ReadAction\",\"target\":[\"https:\/\/aguamole.pt\/index.php\/product\/massage-candle\/\"]}]},{\"@type\":\"ImageObject\",\"inLanguage\":\"pt-PT\",\"@id\":\"https:\/\/aguamole.pt\/index.php\/product\/massage-candle\/#primaryimage\",\"url\":\"https:\/\/aguamole.pt\/wp-content\/uploads\/2020\/09\/am_vm_3.jpg\",\"contentUrl\":\"https:\/\/aguamole.pt\/wp-content\/uploads\/2020\/09\/am_vm_3.jpg\",\"width\":1400,\"height\":1600},{\"@type\":\"BreadcrumbList\",\"@id\":\"https:\/\/aguamole.pt\/index.php\/product\/massage-candle\/#breadcrumb\",\"itemListElement\":[{\"@type\":\"ListItem\",\"position\":1,\"name\":\"Home\",\"item\":\"https:\/\/aguamole.pt\/\"},{\"@type\":\"ListItem\",\"position\":2,\"name\":\"Loja\",\"item\":\"https:\/\/aguamole.pt\/index.php\/shop\/\"},{\"@type\":\"ListItem\",\"position\":3,\"name\":\"Vela de Massagem\"}]},{\"@type\":\"WebSite\",\"@id\":\"https:\/\/aguamole.pt\/#website\",\"url\":\"https:\/\/aguamole.pt\/\",\"name\":\"\u00e1gua mole\",\"description\":\"Produtos de bem-estar naturais para o corpo e para a casa\",\"publisher\":{\"@id\":\"https:\/\/aguamole.pt\/#organization\"},\"potentialAction\":[{\"@type\":\"SearchAction\",\"target\":{\"@type\":\"EntryPoint\",\"urlTemplate\":\"https:\/\/aguamole.pt\/?s={search_term_string}\"},\"query-input\":{\"@type\":\"PropertyValueSpecification\",\"valueRequired\":true,\"valueName\":\"search_term_string\"}}],\"inLanguage\":\"pt-PT\"},{\"@type\":\"Organization\",\"@id\":\"https:\/\/aguamole.pt\/#organization\",\"name\":\"\u00e1gua mole\",\"url\":\"https:\/\/aguamole.pt\/\",\"logo\":{\"@type\":\"ImageObject\",\"inLanguage\":\"pt-PT\",\"@id\":\"https:\/\/aguamole.pt\/#\/schema\/logo\/image\/\",\"url\":\"https:\/\/aguamole.pt\/wp-content\/uploads\/2020\/09\/logo_straight-01.png\",\"contentUrl\":\"https:\/\/aguamole.pt\/wp-content\/uploads\/2020\/09\/logo_straight-01.png\",\"width\":129,\"height\":25,\"caption\":\"\u00e1gua mole\"},\"image\":{\"@id\":\"https:\/\/aguamole.pt\/#\/schema\/logo\/image\/\"},\"sameAs\":[\"https:\/\/www.facebook.com\/agua.mole.essencia\",\"https:\/\/www.instagram.com\/agua.mole\/\"]}]}<\/script>\n<!-- \/ Yoast SEO plugin. -->","yoast_head_json":{"title":"Vela de Massagem - \u00e1gua mole","description":"Vela de Massagem V\u00e9ritas para momentos de relaxamento, hidrata\u00e7\u00e3o e bem-estar. Dispon\u00edvel tamb\u00e9m na cole\u00e7\u00e3o Pura Termal.","robots":{"index":"index","follow":"follow","max-snippet":"max-snippet:-1","max-image-preview":"max-image-preview:large","max-video-preview":"max-video-preview:-1"},"canonical":"https:\/\/aguamole.pt\/index.php\/product\/massage-candle\/","og_locale":"pt_PT","og_type":"article","og_title":"Vela de Massagem - \u00e1gua mole","og_description":"Vela de Massagem V\u00e9ritas para momentos de relaxamento, hidrata\u00e7\u00e3o e bem-estar. Dispon\u00edvel tamb\u00e9m na cole\u00e7\u00e3o Pura Termal.","og_url":"https:\/\/aguamole.pt\/index.php\/product\/massage-candle\/","og_site_name":"\u00e1gua mole","article_publisher":"https:\/\/www.facebook.com\/agua.mole.essencia","article_modified_time":"2024-11-25T12:54:25+00:00","og_image":[{"width":1400,"height":1600,"url":"https:\/\/aguamole.pt\/wp-content\/uploads\/2020\/09\/am_vm_3.jpg","type":"image\/jpeg"}],"twitter_card":"summary_large_image","twitter_misc":{"Tempo estimado de leitura":"1 minuto"},"schema":{"@context":"https:\/\/schema.org","@graph":[{"@type":"WebPage","@id":"https:\/\/aguamole.pt\/index.php\/product\/massage-candle\/","url":"https:\/\/aguamole.pt\/index.php\/product\/massage-candle\/","name":"Vela de Massagem - \u00e1gua mole","isPartOf":{"@id":"https:\/\/aguamole.pt\/#website"},"primaryImageOfPage":{"@id":"https:\/\/aguamole.pt\/index.php\/product\/massage-candle\/#primaryimage"},"image":{"@id":"https:\/\/aguamole.pt\/index.php\/product\/massage-candle\/#primaryimage"},"thumbnailUrl":"https:\/\/aguamole.pt\/wp-content\/uploads\/2020\/09\/am_vm_3.jpg","datePublished":"2020-09-04T11:45:28+00:00","dateModified":"2024-11-25T12:54:25+00:00","description":"Vela de Massagem V\u00e9ritas para momentos de relaxamento, hidrata\u00e7\u00e3o e bem-estar. Dispon\u00edvel tamb\u00e9m na cole\u00e7\u00e3o Pura Termal.","breadcrumb":{"@id":"https:\/\/aguamole.pt\/index.php\/product\/massage-candle\/#breadcrumb"},"inLanguage":"pt-PT","potentialAction":[{"@type":"ReadAction","target":["https:\/\/aguamole.pt\/index.php\/product\/massage-candle\/"]}]},{"@type":"ImageObject","inLanguage":"pt-PT","@id":"https:\/\/aguamole.pt\/index.php\/product\/massage-candle\/#primaryimage","url":"https:\/\/aguamole.pt\/wp-content\/uploads\/2020\/09\/am_vm_3.jpg","contentUrl":"https:\/\/aguamole.pt\/wp-content\/uploads\/2020\/09\/am_vm_3.jpg","width":1400,"height":1600},{"@type":"BreadcrumbList","@id":"https:\/\/aguamole.pt\/index.php\/product\/massage-candle\/#breadcrumb","itemListElement":[{"@type":"ListItem","position":1,"name":"Home","item":"https:\/\/aguamole.pt\/"},{"@type":"ListItem","position":2,"name":"Loja","item":"https:\/\/aguamole.pt\/index.php\/shop\/"},{"@type":"ListItem","position":3,"name":"Vela de Massagem"}]},{"@type":"WebSite","@id":"https:\/\/aguamole.pt\/#website","url":"https:\/\/aguamole.pt\/","name":"\u00e1gua mole","description":"Produtos de bem-estar naturais para o corpo e para a casa","publisher":{"@id":"https:\/\/aguamole.pt\/#organization"},"potentialAction":[{"@type":"SearchAction","target":{"@type":"EntryPoint","urlTemplate":"https:\/\/aguamole.pt\/?s={search_term_string}"},"query-input":{"@type":"PropertyValueSpecification","valueRequired":true,"valueName":"search_term_string"}}],"inLanguage":"pt-PT"},{"@type":"Organization","@id":"https:\/\/aguamole.pt\/#organization","name":"\u00e1gua mole","url":"https:\/\/aguamole.pt\/","logo":{"@type":"ImageObject","inLanguage":"pt-PT","@id":"https:\/\/aguamole.pt\/#\/schema\/logo\/image\/","url":"https:\/\/aguamole.pt\/wp-content\/uploads\/2020\/09\/logo_straight-01.png","contentUrl":"https:\/\/aguamole.pt\/wp-content\/uploads\/2020\/09\/logo_straight-01.png","width":129,"height":25,"caption":"\u00e1gua mole"},"image":{"@id":"https:\/\/aguamole.pt\/#\/schema\/logo\/image\/"},"sameAs":["https:\/\/www.facebook.com\/agua.mole.essencia","https:\/\/www.instagram.com\/agua.mole\/"]}]}},"jetpack_sharing_enabled":true,"_links":{"self":[{"href":"https:\/\/aguamole.pt\/index.php\/wp-json\/wp\/v2\/product\/1436","targetHints":{"allow":["GET"]}}],"collection":[{"href":"https:\/\/aguamole.pt\/index.php\/wp-json\/wp\/v2\/product"}],"about":[{"href":"https:\/\/aguamole.pt\/index.php\/wp-json\/wp\/v2\/types\/product"}],"replies":[{"embeddable":true,"href":"https:\/\/aguamole.pt\/index.php\/wp-json\/wp\/v2\/comments?post=1436"}],"version-history":[{"count":1,"href":"https:\/\/aguamole.pt\/index.php\/wp-json\/wp\/v2\/product\/1436\/revisions"}],"predecessor-version":[{"id":2020,"href":"https:\/\/aguamole.pt\/index.php\/wp-json\/wp\/v2\/product\/1436\/revisions\/2020"}],"wp:featuredmedia":[{"embeddable":true,"href":"https:\/\/aguamole.pt\/index.php\/wp-json\/wp\/v2\/media\/3481"}],"wp:attachment":[{"href":"https:\/\/aguamole.pt\/index.php\/wp-json\/wp\/v2\/media?parent=1436"}],"wp:term":[{"taxonomy":"product_brand","embeddable":true,"href":"https:\/\/aguamole.pt\/index.php\/wp-json\/wp\/v2\/product_brand?post=1436"},{"taxonomy":"product_cat","embeddable":true,"href":"https:\/\/aguamole.pt\/index.php\/wp-json\/wp\/v2\/product_cat?post=1436"},{"taxonomy":"product_tag","embeddable":true,"href":"https:\/\/aguamole.pt\/index.php\/wp-json\/wp\/v2\/product_tag?post=1436"}],"curies":[{"name":"wp","href":"https:\/\/api.w.org\/{rel}","templated":true}]}}