{"id":1457,"date":"2020-08-04T11:47:41","date_gmt":"2020-08-04T11:47:41","guid":{"rendered":"https:\/\/aguamole.pt\/index.php\/product\/bombas-de-banho\/"},"modified":"2026-02-22T12:14:31","modified_gmt":"2026-02-22T12:14:31","slug":"bombas-de-banho","status":"publish","type":"product","link":"https:\/\/aguamole.pt\/index.php\/product\/bombas-de-banho\/","title":{"rendered":"Bomba de Banho"},"content":{"rendered":"<p class=\"p1\"><span class=\"s1\"><b>Ingredientes<br \/>\n<\/b><\/span><span class=\"s1\">Bicarbonato de S\u00f3dio<br \/>\n<\/span><span class=\"s1\">\u00d3leo de C\u00f4co<br \/>\n<\/span><span class=\"s1\">Amido de Milho<\/span><\/p>\n<p class=\"p1\"><span class=\"s1\"><b>Informa\u00e7\u00f5es<br \/>\n<\/b><\/span><span class=\"s1\">Uso externo apenas. Evitar contacto com os olhos, mucosas ou pele irritada. Em caso de reac\u00e7\u00e3o, descontinuar uso.<\/span><\/p>\n<p class=\"p1\"><span class=\"s1\">Os nossos produtos s\u00e3o feitos \u00e0 m\u00e3o em pequenos lotes, pelo que ir\u00e3o ocorrer diferencia\u00e7\u00f5es m\u00ednimas na sua forma, packaging e cor. <\/span><\/p>\n","protected":false},"excerpt":{"rendered":"<p class=\"p1\"><span class=\"s1\">Bombas de banho suavizantes e nutritivas para uma experi\u00eancia relaxante.<\/span><\/p>\n<p class=\"p1\"><span class=\"s1\"><b>Aprox. 100 gr.<br \/>\n<\/b><\/span><span class=\"s1\"><b>Sem ingredientes de origem animal.<\/b><\/span><\/p>\n<p class=\"p1\"><span class=\"s1\"><b>Sugest\u00e3o de utiliza\u00e7\u00e3o<br \/>\n<\/b><\/span><span class=\"s1\">Para quem n\u00e3o possui banheira, sugerimos aplicar 1\/4 da bomba de banho num recipiente com \u00e1gua morna e fazer uma mini-sess\u00e3o de spa aos seus p\u00e9s. Eles ir\u00e3o agradecer ao fim de uma semana intensa de trabalho.<\/span><\/p>\n","protected":false},"featured_media":3550,"comment_status":"open","ping_status":"closed","template":"","meta":[],"product_brand":[],"product_cat":[189,186],"product_tag":[156,135,157,136,155],"class_list":{"0":"post-1457","1":"product","2":"type-product","3":"status-publish","4":"has-post-thumbnail","6":"product_cat-collection-aguamole","7":"product_cat-body","8":"product_tag-bath-bomb","9":"product_tag-body","10":"product_tag-bomba-de-banho","11":"product_tag-corpo","12":"product_tag-spa","14":"first","15":"instock","16":"featured","17":"taxable","18":"shipping-taxable","19":"purchasable","20":"product-type-variable"},"yoast_head":"<!-- This site is optimized with the Yoast SEO plugin v27.0 - https:\/\/yoast.com\/product\/yoast-seo-wordpress\/ -->\n<title>Bomba de Banho - \u00e1gua mole<\/title>\n<meta name=\"description\" content=\"Bombas de banho suavizantes e nutritivas, \u00e0 base de \u00f3leo de c\u00f4co e amido de mido, para uma experi\u00eancia relaxante.\" \/>\n<meta name=\"robots\" content=\"index, follow, max-snippet:-1, max-image-preview:large, max-video-preview:-1\" \/>\n<link rel=\"canonical\" href=\"https:\/\/aguamole.pt\/index.php\/product\/bombas-de-banho\/\" \/>\n<meta property=\"og:locale\" content=\"pt_PT\" \/>\n<meta property=\"og:type\" content=\"article\" \/>\n<meta property=\"og:title\" content=\"Bomba de Banho - \u00e1gua mole\" \/>\n<meta property=\"og:description\" content=\"Bombas de banho suavizantes e nutritivas, \u00e0 base de \u00f3leo de c\u00f4co e amido de mido, para uma experi\u00eancia relaxante.\" \/>\n<meta property=\"og:url\" content=\"https:\/\/aguamole.pt\/index.php\/product\/bombas-de-banho\/\" \/>\n<meta property=\"og:site_name\" content=\"\u00e1gua mole\" \/>\n<meta property=\"article:publisher\" content=\"https:\/\/www.facebook.com\/agua.mole.essencia\" \/>\n<meta property=\"article:modified_time\" content=\"2026-02-22T12:14:31+00:00\" \/>\n<meta property=\"og:image\" content=\"https:\/\/aguamole.pt\/wp-content\/uploads\/2020\/08\/am_bb_80_conjunto1.jpg\" \/>\n\t<meta property=\"og:image:width\" content=\"1400\" \/>\n\t<meta property=\"og:image:height\" content=\"1600\" \/>\n\t<meta property=\"og:image:type\" content=\"image\/jpeg\" \/>\n<meta name=\"twitter:card\" content=\"summary_large_image\" \/>\n<meta name=\"twitter:label1\" content=\"Tempo estimado de leitura\" \/>\n\t<meta name=\"twitter:data1\" content=\"1 minuto\" \/>\n<script type=\"application\/ld+json\" class=\"yoast-schema-graph\">{\"@context\":\"https:\/\/schema.org\",\"@graph\":[{\"@type\":\"WebPage\",\"@id\":\"https:\/\/aguamole.pt\/index.php\/product\/bombas-de-banho\/\",\"url\":\"https:\/\/aguamole.pt\/index.php\/product\/bombas-de-banho\/\",\"name\":\"Bomba de Banho - \u00e1gua mole\",\"isPartOf\":{\"@id\":\"https:\/\/aguamole.pt\/#website\"},\"primaryImageOfPage\":{\"@id\":\"https:\/\/aguamole.pt\/index.php\/product\/bombas-de-banho\/#primaryimage\"},\"image\":{\"@id\":\"https:\/\/aguamole.pt\/index.php\/product\/bombas-de-banho\/#primaryimage\"},\"thumbnailUrl\":\"https:\/\/aguamole.pt\/wp-content\/uploads\/2020\/08\/am_bb_80_conjunto1.jpg\",\"datePublished\":\"2020-08-04T11:47:41+00:00\",\"dateModified\":\"2026-02-22T12:14:31+00:00\",\"description\":\"Bombas de banho suavizantes e nutritivas, \u00e0 base de \u00f3leo de c\u00f4co e amido de mido, para uma experi\u00eancia relaxante.\",\"breadcrumb\":{\"@id\":\"https:\/\/aguamole.pt\/index.php\/product\/bombas-de-banho\/#breadcrumb\"},\"inLanguage\":\"pt-PT\",\"potentialAction\":[{\"@type\":\"ReadAction\",\"target\":[\"https:\/\/aguamole.pt\/index.php\/product\/bombas-de-banho\/\"]}]},{\"@type\":\"ImageObject\",\"inLanguage\":\"pt-PT\",\"@id\":\"https:\/\/aguamole.pt\/index.php\/product\/bombas-de-banho\/#primaryimage\",\"url\":\"https:\/\/aguamole.pt\/wp-content\/uploads\/2020\/08\/am_bb_80_conjunto1.jpg\",\"contentUrl\":\"https:\/\/aguamole.pt\/wp-content\/uploads\/2020\/08\/am_bb_80_conjunto1.jpg\",\"width\":1400,\"height\":1600},{\"@type\":\"BreadcrumbList\",\"@id\":\"https:\/\/aguamole.pt\/index.php\/product\/bombas-de-banho\/#breadcrumb\",\"itemListElement\":[{\"@type\":\"ListItem\",\"position\":1,\"name\":\"Home\",\"item\":\"https:\/\/aguamole.pt\/\"},{\"@type\":\"ListItem\",\"position\":2,\"name\":\"Loja\",\"item\":\"https:\/\/aguamole.pt\/index.php\/shop\/\"},{\"@type\":\"ListItem\",\"position\":3,\"name\":\"Bomba de Banho\"}]},{\"@type\":\"WebSite\",\"@id\":\"https:\/\/aguamole.pt\/#website\",\"url\":\"https:\/\/aguamole.pt\/\",\"name\":\"\u00e1gua mole\",\"description\":\"Produtos de bem-estar naturais para o corpo e para a casa\",\"publisher\":{\"@id\":\"https:\/\/aguamole.pt\/#organization\"},\"potentialAction\":[{\"@type\":\"SearchAction\",\"target\":{\"@type\":\"EntryPoint\",\"urlTemplate\":\"https:\/\/aguamole.pt\/?s={search_term_string}\"},\"query-input\":{\"@type\":\"PropertyValueSpecification\",\"valueRequired\":true,\"valueName\":\"search_term_string\"}}],\"inLanguage\":\"pt-PT\"},{\"@type\":\"Organization\",\"@id\":\"https:\/\/aguamole.pt\/#organization\",\"name\":\"\u00e1gua mole\",\"url\":\"https:\/\/aguamole.pt\/\",\"logo\":{\"@type\":\"ImageObject\",\"inLanguage\":\"pt-PT\",\"@id\":\"https:\/\/aguamole.pt\/#\/schema\/logo\/image\/\",\"url\":\"https:\/\/aguamole.pt\/wp-content\/uploads\/2020\/09\/logo_straight-01.png\",\"contentUrl\":\"https:\/\/aguamole.pt\/wp-content\/uploads\/2020\/09\/logo_straight-01.png\",\"width\":129,\"height\":25,\"caption\":\"\u00e1gua mole\"},\"image\":{\"@id\":\"https:\/\/aguamole.pt\/#\/schema\/logo\/image\/\"},\"sameAs\":[\"https:\/\/www.facebook.com\/agua.mole.essencia\",\"https:\/\/www.instagram.com\/agua.mole\/\"]}]}<\/script>\n<!-- \/ Yoast SEO plugin. -->","yoast_head_json":{"title":"Bomba de Banho - \u00e1gua mole","description":"Bombas de banho suavizantes e nutritivas, \u00e0 base de \u00f3leo de c\u00f4co e amido de mido, para uma experi\u00eancia relaxante.","robots":{"index":"index","follow":"follow","max-snippet":"max-snippet:-1","max-image-preview":"max-image-preview:large","max-video-preview":"max-video-preview:-1"},"canonical":"https:\/\/aguamole.pt\/index.php\/product\/bombas-de-banho\/","og_locale":"pt_PT","og_type":"article","og_title":"Bomba de Banho - \u00e1gua mole","og_description":"Bombas de banho suavizantes e nutritivas, \u00e0 base de \u00f3leo de c\u00f4co e amido de mido, para uma experi\u00eancia relaxante.","og_url":"https:\/\/aguamole.pt\/index.php\/product\/bombas-de-banho\/","og_site_name":"\u00e1gua mole","article_publisher":"https:\/\/www.facebook.com\/agua.mole.essencia","article_modified_time":"2026-02-22T12:14:31+00:00","og_image":[{"width":1400,"height":1600,"url":"https:\/\/aguamole.pt\/wp-content\/uploads\/2020\/08\/am_bb_80_conjunto1.jpg","type":"image\/jpeg"}],"twitter_card":"summary_large_image","twitter_misc":{"Tempo estimado de leitura":"1 minuto"},"schema":{"@context":"https:\/\/schema.org","@graph":[{"@type":"WebPage","@id":"https:\/\/aguamole.pt\/index.php\/product\/bombas-de-banho\/","url":"https:\/\/aguamole.pt\/index.php\/product\/bombas-de-banho\/","name":"Bomba de Banho - \u00e1gua mole","isPartOf":{"@id":"https:\/\/aguamole.pt\/#website"},"primaryImageOfPage":{"@id":"https:\/\/aguamole.pt\/index.php\/product\/bombas-de-banho\/#primaryimage"},"image":{"@id":"https:\/\/aguamole.pt\/index.php\/product\/bombas-de-banho\/#primaryimage"},"thumbnailUrl":"https:\/\/aguamole.pt\/wp-content\/uploads\/2020\/08\/am_bb_80_conjunto1.jpg","datePublished":"2020-08-04T11:47:41+00:00","dateModified":"2026-02-22T12:14:31+00:00","description":"Bombas de banho suavizantes e nutritivas, \u00e0 base de \u00f3leo de c\u00f4co e amido de mido, para uma experi\u00eancia relaxante.","breadcrumb":{"@id":"https:\/\/aguamole.pt\/index.php\/product\/bombas-de-banho\/#breadcrumb"},"inLanguage":"pt-PT","potentialAction":[{"@type":"ReadAction","target":["https:\/\/aguamole.pt\/index.php\/product\/bombas-de-banho\/"]}]},{"@type":"ImageObject","inLanguage":"pt-PT","@id":"https:\/\/aguamole.pt\/index.php\/product\/bombas-de-banho\/#primaryimage","url":"https:\/\/aguamole.pt\/wp-content\/uploads\/2020\/08\/am_bb_80_conjunto1.jpg","contentUrl":"https:\/\/aguamole.pt\/wp-content\/uploads\/2020\/08\/am_bb_80_conjunto1.jpg","width":1400,"height":1600},{"@type":"BreadcrumbList","@id":"https:\/\/aguamole.pt\/index.php\/product\/bombas-de-banho\/#breadcrumb","itemListElement":[{"@type":"ListItem","position":1,"name":"Home","item":"https:\/\/aguamole.pt\/"},{"@type":"ListItem","position":2,"name":"Loja","item":"https:\/\/aguamole.pt\/index.php\/shop\/"},{"@type":"ListItem","position":3,"name":"Bomba de Banho"}]},{"@type":"WebSite","@id":"https:\/\/aguamole.pt\/#website","url":"https:\/\/aguamole.pt\/","name":"\u00e1gua mole","description":"Produtos de bem-estar naturais para o corpo e para a casa","publisher":{"@id":"https:\/\/aguamole.pt\/#organization"},"potentialAction":[{"@type":"SearchAction","target":{"@type":"EntryPoint","urlTemplate":"https:\/\/aguamole.pt\/?s={search_term_string}"},"query-input":{"@type":"PropertyValueSpecification","valueRequired":true,"valueName":"search_term_string"}}],"inLanguage":"pt-PT"},{"@type":"Organization","@id":"https:\/\/aguamole.pt\/#organization","name":"\u00e1gua mole","url":"https:\/\/aguamole.pt\/","logo":{"@type":"ImageObject","inLanguage":"pt-PT","@id":"https:\/\/aguamole.pt\/#\/schema\/logo\/image\/","url":"https:\/\/aguamole.pt\/wp-content\/uploads\/2020\/09\/logo_straight-01.png","contentUrl":"https:\/\/aguamole.pt\/wp-content\/uploads\/2020\/09\/logo_straight-01.png","width":129,"height":25,"caption":"\u00e1gua mole"},"image":{"@id":"https:\/\/aguamole.pt\/#\/schema\/logo\/image\/"},"sameAs":["https:\/\/www.facebook.com\/agua.mole.essencia","https:\/\/www.instagram.com\/agua.mole\/"]}]}},"jetpack_sharing_enabled":true,"_links":{"self":[{"href":"https:\/\/aguamole.pt\/index.php\/wp-json\/wp\/v2\/product\/1457","targetHints":{"allow":["GET"]}}],"collection":[{"href":"https:\/\/aguamole.pt\/index.php\/wp-json\/wp\/v2\/product"}],"about":[{"href":"https:\/\/aguamole.pt\/index.php\/wp-json\/wp\/v2\/types\/product"}],"replies":[{"embeddable":true,"href":"https:\/\/aguamole.pt\/index.php\/wp-json\/wp\/v2\/comments?post=1457"}],"version-history":[{"count":2,"href":"https:\/\/aguamole.pt\/index.php\/wp-json\/wp\/v2\/product\/1457\/revisions"}],"predecessor-version":[{"id":1545,"href":"https:\/\/aguamole.pt\/index.php\/wp-json\/wp\/v2\/product\/1457\/revisions\/1545"}],"wp:featuredmedia":[{"embeddable":true,"href":"https:\/\/aguamole.pt\/index.php\/wp-json\/wp\/v2\/media\/3550"}],"wp:attachment":[{"href":"https:\/\/aguamole.pt\/index.php\/wp-json\/wp\/v2\/media?parent=1457"}],"wp:term":[{"taxonomy":"product_brand","embeddable":true,"href":"https:\/\/aguamole.pt\/index.php\/wp-json\/wp\/v2\/product_brand?post=1457"},{"taxonomy":"product_cat","embeddable":true,"href":"https:\/\/aguamole.pt\/index.php\/wp-json\/wp\/v2\/product_cat?post=1457"},{"taxonomy":"product_tag","embeddable":true,"href":"https:\/\/aguamole.pt\/index.php\/wp-json\/wp\/v2\/product_tag?post=1457"}],"curies":[{"name":"wp","href":"https:\/\/api.w.org\/{rel}","templated":true}]}}